{"id":516,"date":"2021-06-27T19:54:15","date_gmt":"2021-06-27T19:54:15","guid":{"rendered":"https:\/\/santacatalinamartir.archimadrid.es\/?page_id=516"},"modified":"2024-02-25T18:24:39","modified_gmt":"2024-02-25T18:24:39","slug":"nuestro-templo","status":"publish","type":"page","link":"https:\/\/santacatalinamartir.archimadrid.es\/?page_id=516","title":{"rendered":"Nuestro templo"},"content":{"rendered":"<style id=\"wp_carousel_dynamic_css518\">#sp-wp-carousel-free-id-518.sp-wpcp-518 .wpcp-single-item {border: 1px solid #dddddd;}#sp-wp-carousel-free-id-518.sp-wpcp-518 .swiper-button-prev,#sp-wp-carousel-free-id-518.sp-wpcp-518 .swiper-button-next,#sp-wp-carousel-free-id-518.sp-wpcp-518 .swiper-button-prev:hover,#sp-wp-carousel-free-id-518.sp-wpcp-518 .swiper-button-next:hover {background: none;border: none;font-size: 30px;}#sp-wp-carousel-free-id-518.sp-wpcp-518 .swiper-button-prev i,#sp-wp-carousel-free-id-518.sp-wpcp-518 .swiper-button-next i {color: #aaa;}#sp-wp-carousel-free-id-518.sp-wpcp-518 .swiper-button-prev i:hover,#sp-wp-carousel-free-id-518.sp-wpcp-518 .swiper-button-next i:hover {color: #52b3d9;}#sp-wp-carousel-free-id-518.sp-wpcp-518 .wpcp-swiper-dots .swiper-pagination-bullet {background-color: #cccccc;}#sp-wp-carousel-free-id-518.sp-wpcp-518 .wpcp-swiper-dots .swiper-pagination-bullet.swiper-pagination-bullet-active {background-color: #52b3d9;} #sp-wp-carousel-free-id-518.sp-wpcp-518.wpcp-image-carousel .wpcp-single-item:hover img, #sp-wp-carousel-free-id-518.sp-wpcp-518.wpcp-post-carousel .wpcp-single-item:hover img, #sp-wp-carousel-free-id-518.sp-wpcp-518.wpcp-product-carousel .wpcp-single-item:hover img{-webkit-transform: scale(1.2);-moz-transform: scale(1.2);transform: scale(1.2);}@media screen and (max-width: 479px) {#sp-wp-carousel-free-id-518.nav-vertical-center {padding: 0;margin:0;}#sp-wp-carousel-free-id-518.nav-vertical-center .wpcp-next-button,#sp-wp-carousel-free-id-518.nav-vertical-center .wpcp-prev-button {display: none;}}#sp-wp-carousel-free-id-518 .wpcpro-row>[class*=\"wpcpro-col-\"] { padding: 0 10px; padding-bottom: 20px;}@media (min-width: 480px) { .wpcpro-row .wpcpro-col-sm-1 { flex: 0 0 100%; max-width: 100%; } .wpcpro-row .wpcpro-col-sm-2 { flex: 0 0 50%; max-width: 50%; } .wpcpro-row .wpcpro-col-sm-2-5 { flex: 0 0 75%; max-width: 75%; } .wpcpro-row .wpcpro-col-sm-3 { flex: 0 0 33.333%; max-width: 33.333%; } .wpcpro-row .wpcpro-col-sm-4 { flex: 0 0 25%; max-width: 25%; } .wpcpro-row .wpcpro-col-sm-5 { flex: 0 0 20%; max-width: 20%; } .wpcpro-row .wpcpro-col-sm-6 { flex: 0 0 16.66666666666667%; max-width: 16.66666666666667%; } .wpcpro-row .wpcpro-col-sm-7 { flex: 0 0 14.28571428%; max-width: 14.28571428%; } .wpcpro-row .wpcpro-col-sm-8 { flex: 0 0 12.5%; max-width: 12.5%; } } @media (max-width: 480px) { .wpcpro-row .wpcpro-col-xs-1 { flex: 0 0 100%; max-width: 100%; } .wpcpro-row .wpcpro-col-xs-2 { flex: 0 0 50%; max-width: 50%; } .wpcpro-row .wpcpro-col-xs-3 { flex: 0 0 33.222%; max-width: 33.222%; } .wpcpro-row .wpcpro-col-xs-4 { flex: 0 0 25%; max-width: 25%; } .wpcpro-row .wpcpro-col-xs-5 { flex: 0 0 20%; max-width: 20%; } .wpcpro-row .wpcpro-col-xs-6 { flex: 0 0 16.6667%; max-width: 16.6667%; } .wpcpro-row .wpcpro-col-xs-7 { flex: 0 0 14.28571428%; max-width: 14.28571428%; } .wpcpro-row .wpcpro-col-xs-8 { flex: 0 0 12.5%; max-width: 12.5%; } } @media (min-width: 736px) { .wpcpro-row .wpcpro-col-md-1 { flex: 0 0 100%; max-width: 100%; } .wpcpro-row .wpcpro-col-md-2 { flex: 0 0 50%; max-width: 50%; } .wpcpro-row .wpcpro-col-md-2-5 { flex: 0 0 75%; max-width: 75%; } .wpcpro-row .wpcpro-col-md-3 { flex: 0 0 33.333%; max-width: 33.333%; } .wpcpro-row .wpcpro-col-md-4 { flex: 0 0 25%; max-width: 25%; } .wpcpro-row .wpcpro-col-md-5 { flex: 0 0 20%; max-width: 20%; } .wpcpro-row .wpcpro-col-md-6 { flex: 0 0 16.66666666666667%; max-width: 16.66666666666667%; } .wpcpro-row .wpcpro-col-md-7 { flex: 0 0 14.28571428%; max-width: 14.28571428%; } .wpcpro-row .wpcpro-col-md-8 { flex: 0 0 12.5%; max-width: 12.5%; } } @media (min-width: 980px) { .wpcpro-row .wpcpro-col-lg-1 { flex: 0 0 100%; max-width: 100%; } .wpcpro-row .wpcpro-col-lg-2 { flex: 0 0 50%; max-width: 50%; } .wpcpro-row .wpcpro-col-lg-3 { flex: 0 0 33.222%; max-width: 33.222%; } .wpcpro-row .wpcpro-col-lg-4 { flex: 0 0 25%; max-width: 25%; } .wpcpro-row .wpcpro-col-lg-5 { flex: 0 0 20%; max-width: 20%; } .wpcpro-row .wpcpro-col-lg-6 { flex: 0 0 16.6667%; max-width: 16.6667%; } .wpcpro-row .wpcpro-col-lg-7 { flex: 0 0 14.28571428%; max-width: 14.28571428%; } .wpcpro-row .wpcpro-col-lg-8 { flex: 0 0 12.5%; max-width: 12.5%; } } @media (min-width: 1200px) { .wpcpro-row .wpcpro-col-xl-1 { flex: 0 0 100%; max-width: 100%; } .wpcpro-row .wpcpro-col-xl-2 { flex: 0 0 50%; max-width: 50%; } .wpcpro-row .wpcpro-col-xl-3 { flex: 0 0 33.22222222%; max-width: 33.22222222%; } .wpcpro-row .wpcpro-col-xl-4 { flex: 0 0 25%; max-width: 25%; } .wpcpro-row .wpcpro-col-xl-5 { flex: 0 0 20%; max-width: 20%; } .wpcpro-row .wpcpro-col-xl-6 { flex: 0 0 16.66667%; max-width: 16.66667%; } .wpcpro-row .wpcpro-col-xl-7 { flex: 0 0 14.28571428%; max-width: 14.28571428%; } .wpcpro-row .wpcpro-col-xl-8 { flex: 0 0 12.5%; max-width: 12.5%; } }<\/style><div class=\"wpcp-carousel-wrapper wpcp-wrapper-518\">\n\t<div id=\"wpcp-preloader-518\" class=\"wpcp-carousel-preloader\"><img decoding=\"async\" src=\"https:\/\/santacatalinamartir.archimadrid.es\/wp-content\/plugins\/wp-carousel-free\/public\/css\/spinner.svg\" alt=\"Preloader Image\" \/><\/div>\t<div class=\"wpcp-carousel-content-wrapper\">\n\t<div id=\"sp-wp-carousel-free-id-518\" class=\"wpcp-carousel-section sp-wpcp-518  nav-vertical-center wpcp-image-carousel wpcp-preloader wpcp-standard\" data-swiper='{ \"accessibility\":true, \"spaceBetween\":20, \"arrows\":true, \"freeMode\": false, \"autoplay\":false, \"autoplaySpeed\":3000, \"dots\":true, \"infinite\":true, \"speed\":600, \"pauseOnHover\":true,\n\t\t\t\"slidesToShow\":{\"lg_desktop\":2, \"desktop\": 2, \"laptop\": 2, \"tablet\": 1, \"mobile\": 1}, \"responsive\":{\"desktop\":1200, \"laptop\": 980, \"tablet\": 736, \"mobile\": 480}, \"rtl\":false, \"lazyLoad\": \"false\", \"swipe\": true, \"draggable\": true, \"swipeToSlide\":false }'   dir=\"ltr\">\n\t\t<div class=\"swiper-wrapper\">\n\t\t<div class=\"swiper-slide\">\n\t<div class=\"wpcp-single-item\">\n\t\t\t<div class=\"wpcp-slide-image\">\n\t\t<img fetchpriority=\"high\" decoding=\"async\" class=\"skip-lazy\" src=\"https:\/\/santacatalinamartir.archimadrid.es\/wp-content\/uploads\/2021\/06\/historiaparroquia1-234x300.jpg\" title=\"historiaparroquia1\" alt=\"historiaparroquia1\" width=\"234\" height=\"300\">\t<\/div>\n\t\t<\/div>\n<\/div>\n\t<div class=\"swiper-slide\">\n\t<div class=\"wpcp-single-item\">\n\t\t\t<div class=\"wpcp-slide-image\">\n\t\t<img decoding=\"async\" class=\"skip-lazy\" src=\"https:\/\/santacatalinamartir.archimadrid.es\/wp-content\/uploads\/2021\/06\/historiaparroquia4-300x192.jpg\" title=\"historiaparroquia4\" alt=\"historiaparroquia4\" width=\"300\" height=\"192\">\t<\/div>\n\t\t<\/div>\n<\/div>\n\t<div class=\"swiper-slide\">\n\t<div class=\"wpcp-single-item\">\n\t\t\t<div class=\"wpcp-slide-image\">\n\t\t<img decoding=\"async\" class=\"skip-lazy\" src=\"https:\/\/santacatalinamartir.archimadrid.es\/wp-content\/uploads\/2021\/07\/Iglesia-antes-de-gerra-237x300.jpg\" title=\"Iglesia antes de guerra\" alt=\"Iglesia antes de guerra\" width=\"237\" height=\"300\">\t<\/div>\n\t\t<\/div>\n<\/div>\n\t<div class=\"swiper-slide\">\n\t<div class=\"wpcp-single-item\">\n\t\t\t<div class=\"wpcp-slide-image\">\n\t\t<img loading=\"lazy\" decoding=\"async\" class=\"skip-lazy\" src=\"https:\/\/santacatalinamartir.archimadrid.es\/wp-content\/uploads\/2021\/06\/historiaparroquia3-244x300.jpg\" title=\"historiaparroquia3\" alt=\"historiaparroquia3\" width=\"244\" height=\"300\">\t<\/div>\n\t\t<\/div>\n<\/div>\n\t<div class=\"swiper-slide\">\n\t<div class=\"wpcp-single-item\">\n\t\t\t<div class=\"wpcp-slide-image\">\n\t\t<img loading=\"lazy\" decoding=\"async\" class=\"skip-lazy\" src=\"https:\/\/santacatalinamartir.archimadrid.es\/wp-content\/uploads\/2021\/07\/contrato-luz-3oE-40002-1-300x296.jpg\" title=\"\" alt=\"\" width=\"300\" height=\"296\">\t<\/div>\n\t\t<\/div>\n<\/div>\n\t<div class=\"swiper-slide\">\n\t<div class=\"wpcp-single-item\">\n\t\t\t<div class=\"wpcp-slide-image\">\n\t\t<img loading=\"lazy\" decoding=\"async\" class=\"skip-lazy\" src=\"https:\/\/santacatalinamartir.archimadrid.es\/wp-content\/uploads\/2021\/06\/historiaparroquia2-300x205.jpg\" title=\"historiaparroquia2\" alt=\"historiaparroquia2\" width=\"300\" height=\"205\">\t<\/div>\n\t\t<\/div>\n<\/div>\n\t<div class=\"swiper-slide\">\n\t<div class=\"wpcp-single-item\">\n\t\t\t<div class=\"wpcp-slide-image\">\n\t\t<img loading=\"lazy\" decoding=\"async\" class=\"skip-lazy\" src=\"https:\/\/santacatalinamartir.archimadrid.es\/wp-content\/uploads\/2021\/07\/contrato-luz-3oE-40006-300x258.jpg\" title=\"\" alt=\"\" width=\"300\" height=\"258\">\t<\/div>\n\t\t<\/div>\n<\/div>\n\t<div class=\"swiper-slide\">\n\t<div class=\"wpcp-single-item\">\n\t\t\t<div class=\"wpcp-slide-image\">\n\t\t<img loading=\"lazy\" decoding=\"async\" class=\"skip-lazy\" src=\"https:\/\/santacatalinamartir.archimadrid.es\/wp-content\/uploads\/2021\/07\/IMG_2246-300x243.jpg\" title=\"IMG_2246\" alt=\"IMG_2246\" width=\"300\" height=\"243\">\t<\/div>\n\t\t<\/div>\n<\/div>\n\t<div class=\"swiper-slide\">\n\t<div class=\"wpcp-single-item\">\n\t\t\t<div class=\"wpcp-slide-image\">\n\t\t<img loading=\"lazy\" decoding=\"async\" class=\"skip-lazy\" src=\"https:\/\/santacatalinamartir.archimadrid.es\/wp-content\/uploads\/2020\/09\/Majadahonda_-_Iglesia_de_Santa_Catalina_Martir_01-300x225.jpg\" title=\"Majadahonda_-_Iglesia_de_Santa_Catalina_M\u00e1rtir_01\" alt=\"Majadahonda_-_Iglesia_de_Santa_Catalina_M\u00e1rtir_01\" width=\"300\" height=\"225\">\t<\/div>\n\t\t<\/div>\n<\/div>\n\t\t\t<\/div>\n\t\t\t\t\t<div class=\"wpcp-swiper-dots swiper-pagination\"><\/div>\n\t\t\t\t<!-- If we need navigation buttons -->\n\t\t\t\t\t<div class=\"wpcp-prev-button swiper-button-prev\"><i class=\"fa fa-angle-left\"><\/i><\/div>\n\t\t\t<div class=\"wpcp-next-button swiper-button-next\"><i class=\"fa fa-angle-right\"><\/i><\/div>\n\t\t\t<\/div>\n\t<\/div>\n<\/div>\n\n\n\n\n<p>Entre los siglos XIII y XIV los colonos segovianos de estas tierras construyeron una humilde y sencilla iglesia junto a una antigua torre \u00e1rabe de vigilancia (construida entre el 852 al 866 por el Emir Muhammad de C\u00f3rdoba) y la pusieron bajo la advocaci\u00f3n de Santa Catalina M\u00e1rtir y Virgen.<\/p>\n\n\n\n<p>Un informe eclesial de 1671 ya califica el templo de\u00a0muy antiguo, aunque en 1601 se le hab\u00edan realizado algunas reparaciones.<\/p>\n\n\n\n<p>A la iglesia se la describe en algunos escritos de la siguiente forma: \u00abadosada a un torre\u00f3n de vigilancia una peque\u00f1a iglesia de tres naves separadas por pilares que sustentan arcos apuntados. La cubierta, de teja a dos aguas, sobre entramado de madera. La capilla mayor, donde el hidalgo G\u00f3mez de Haro, probablemente se encontrara en un \u00e1bside\u00bb. Un documento de 1670 nos dice lo siguiente: \u201ca la parte de oriente en la capilla mayor donde est\u00e1 el arco antiguo\u201d. Este arco marcar\u00eda la transici\u00f3n entre el cuerpo principal y el hipot\u00e9tico \u00e1bside donde estar\u00eda la capilla mayor.<\/p>\n\n\n\n<p>La primera reforma importante de la que tenemos constancia documental tuvo lugar a finales del siglo XVII. El encargado de realizar la obra fue D. Santiago Sope\u00f1a vecino de Alcal\u00e1 de Henares. Se realizaron diversas reparaciones en los muros, cubierta, capilla mayor, etc. Pero lo verdaderamente importante consisti\u00f3 en el derribo del viejo torre\u00f3n y en la construcci\u00f3n de una torre campanario, pr\u00e1cticamente la misma que ha llegado hasta nuestros d\u00edas.<\/p>\n\n\n\n<p>Las gestiones ante el Obispado de Toledo se debieron iniciar en 1670 y las obras estaban terminadas en 1688 cuando Eugenio Montero y Leandro Morales, alcaldes ordinarios de Majadahonda, realizaron el \u00faltimo pago de obras al alcala\u00edno.<\/p>\n\n\n\n<p>En 1726, D. Pedro Hern\u00e1ndez, maestro de obras present\u00f3 el proyecto y las condiciones en las que hab\u00eda de realizarse la reforma en la iglesia parroquial. Se trataba de la construcci\u00f3n de un nuevo presbiterio de planta octogonal, que ampl\u00eda el edificio y viene a sustituir la antigua capilla mayor, adosado al preexistente cuerpo de tres naves. Las obras las realizar\u00e1 Nicol\u00e1s D\u00edaz, maestro alba\u00f1il, vecino de Villaluenga. Se comenzaron muy pronto pues en 1727 ya se estaban realizando. Se terminan en 1731.<\/p>\n\n\n\n<p>Adem\u00e1s, unos a\u00f1os despu\u00e9s, se construye una sacrist\u00eda con un cuarto anejo y una barbacana para proteger el edificio dada la pendiente que existe en el lugar en el que est\u00e1 emplazada la iglesia.<\/p>\n\n\n\n<p>Gracias a unos planos de 1870, podemos contemplar la planta del templo&nbsp;en su totalidad, muy similar a la actual. Es un edificio de planta rectangular de 33x14x20m de alto en el campanario. En el interior tres naves separadas por pilares sobre los que descansan arcos apuntados, el campanario del siglo XVII y el presbiterio del siglo XVIII.<\/p>\n\n\n\n<p>Cuando termin\u00f3 la guerra, la Direcci\u00f3n General de Regiones Devastadas acometi\u00f3 la reconstrucci\u00f3n y restauraci\u00f3n de Majadahonda y de la parroquia. Los arquitectos decidieron conservar los muros que quedaban de la iglesia. Sobre las ruinas construyeron el templo que conocemos siendo muy parecido al anterior a la guerra.&nbsp;<\/p>\n\n\n\n<p>La reconstrucci\u00f3n se redujo a dar mayor altura al edificio, elevando su cubierta, estilizando el capitel y la linterna, dando mayor altura a la torre.<\/p>\n\n\n\n<p>El primer proyecto e informe de restauraci\u00f3n se realiza en 1940 por el arquitecto D. V\u00edctor Calvo Mart\u00ednez de Azcoitia.&nbsp; El segundo en 1944 por D. Juan Armado Gonz\u00e1lez de la Puente y&nbsp;el tercero en 1949 por D. F\u00e9lix Ugalde Rodrigo quien termina las obras entre los a\u00f1os&nbsp;1953-54.<\/p>\n\n\n\n<p>La restauraci\u00f3n supuso algunos cambios en el edificio:<\/p>\n\n\n\n<ul class=\"wp-block-list\">\n<li>En la fachada oeste, la torre conserva la planta pero aumenta en altura realzando su silueta con un chapitel cuya veleta desde el comienzo quedo torcida. A su lado se traslad\u00f3 el antiguo p\u00f3rtico, que da entrada a la iglesia por debajo del coro, con las columnas antiguas y tejado a tres aguas.<\/li>\n<\/ul>\n\n\n\n<ul class=\"wp-block-list\">\n<li>El cuerpo principal, con entrada sotocoro conserva sus muros que fueron reforzados. Dos filas de pilares mantienen la divisi\u00f3n de tres naves y los antiguos arcos apuntados son sustituidos por otros de medio punto. La cubierta es a dos aguas con teja \u00e1rabe sobre cerchas vistas en el interior.<\/li>\n<\/ul>\n\n\n\n<ul class=\"wp-block-list\">\n<li>El presbiterio m\u00e1s elevado que el resto del edificio, mantiene la planta octogonal y una c\u00fapula que descansa sobre arcos de medio punto con una linterna y cubierta octogonal de pizarra.<\/li>\n<\/ul>\n\n\n\n<ul class=\"wp-block-list\">\n<li>Se enfoscan todos los paramentos exteriores tap\u00e1ndose la antigua estructura de adobe y piedra. Se adosa al cuerpo principal dos cuerpos cubiertos a un agua. En la fachada que da a la plaza se construy\u00f3 una logia con arcos de medio punto, caracter\u00edstica de la reconstrucci\u00f3n de Regiones Devastadas, que sirve de acceso lateral a la iglesia.<\/li>\n<\/ul>\n\n\n\n<ul class=\"wp-block-list\">\n<li> En la fachada meridional, la sacrist\u00eda y las dependencias parroquiales&nbsp;se ampliar\u00e1n en los a\u00f1os sesenta.<\/li>\n<\/ul>\n\n\n\n<p>En el verano de 2021 se repararon diversos desperfectos y se restaur\u00f3 la pintura del templo<\/p>\n","protected":false},"excerpt":{"rendered":"<p>Entre los siglos XIII y XIV los colonos segovianos de estas tierras construyeron una humilde y sencilla iglesia junto a [&hellip;]<\/p>\n","protected":false},"author":2,"featured_media":0,"parent":0,"menu_order":0,"comment_status":"closed","ping_status":"closed","template":"","meta":{"site-sidebar-layout":"default","site-content-layout":"","ast-site-content-layout":"","site-content-style":"default","site-sidebar-style":"default","ast-global-header-display":"","ast-banner-title-visibility":"","ast-main-header-display":"","ast-hfb-above-header-display":"","ast-hfb-below-header-display":"","ast-hfb-mobile-header-display":"","site-post-title":"","ast-breadcrumbs-content":"","ast-featured-img":"","footer-sml-layout":"","theme-transparent-header-meta":"","adv-header-id-meta":"","stick-header-meta":"","header-above-stick-meta":"","header-main-stick-meta":"","header-below-stick-meta":"","astra-migrate-meta-layouts":"default","ast-page-background-enabled":"default","ast-page-background-meta":{"desktop":{"background-color":"var(--ast-global-color-4)","background-image":"","background-repeat":"repeat","background-position":"center center","background-size":"auto","background-attachment":"scroll","background-type":"","background-media":"","overlay-type":"","overlay-color":"","overlay-gradient":""},"tablet":{"background-color":"","background-image":"","background-repeat":"repeat","background-position":"center center","background-size":"auto","background-attachment":"scroll","background-type":"","background-media":"","overlay-type":"","overlay-color":"","overlay-gradient":""},"mobile":{"background-color":"","background-image":"","background-repeat":"repeat","background-position":"center center","background-size":"auto","background-attachment":"scroll","background-type":"","background-media":"","overlay-type":"","overlay-color":"","overlay-gradient":""}},"ast-content-background-meta":{"desktop":{"background-color":"var(--ast-global-color-5)","background-image":"","background-repeat":"repeat","background-position":"center center","background-size":"auto","background-attachment":"scroll","background-type":"","background-media":"","overlay-type":"","overlay-color":"","overlay-gradient":""},"tablet":{"background-color":"var(--ast-global-color-5)","background-image":"","background-repeat":"repeat","background-position":"center center","background-size":"auto","background-attachment":"scroll","background-type":"","background-media":"","overlay-type":"","overlay-color":"","overlay-gradient":""},"mobile":{"background-color":"var(--ast-global-color-5)","background-image":"","background-repeat":"repeat","background-position":"center center","background-size":"auto","background-attachment":"scroll","background-type":"","background-media":"","overlay-type":"","overlay-color":"","overlay-gradient":""}},"footnotes":""},"class_list":["post-516","page","type-page","status-publish","hentry"],"jetpack_sharing_enabled":true,"_links":{"self":[{"href":"https:\/\/santacatalinamartir.archimadrid.es\/index.php?rest_route=\/wp\/v2\/pages\/516","targetHints":{"allow":["GET"]}}],"collection":[{"href":"https:\/\/santacatalinamartir.archimadrid.es\/index.php?rest_route=\/wp\/v2\/pages"}],"about":[{"href":"https:\/\/santacatalinamartir.archimadrid.es\/index.php?rest_route=\/wp\/v2\/types\/page"}],"author":[{"embeddable":true,"href":"https:\/\/santacatalinamartir.archimadrid.es\/index.php?rest_route=\/wp\/v2\/users\/2"}],"replies":[{"embeddable":true,"href":"https:\/\/santacatalinamartir.archimadrid.es\/index.php?rest_route=%2Fwp%2Fv2%2Fcomments&post=516"}],"version-history":[{"count":14,"href":"https:\/\/santacatalinamartir.archimadrid.es\/index.php?rest_route=\/wp\/v2\/pages\/516\/revisions"}],"predecessor-version":[{"id":1508,"href":"https:\/\/santacatalinamartir.archimadrid.es\/index.php?rest_route=\/wp\/v2\/pages\/516\/revisions\/1508"}],"wp:attachment":[{"href":"https:\/\/santacatalinamartir.archimadrid.es\/index.php?rest_route=%2Fwp%2Fv2%2Fmedia&parent=516"}],"curies":[{"name":"wp","href":"https:\/\/api.w.org\/{rel}","templated":true}]}}