{"id":246,"date":"2021-06-03T22:17:58","date_gmt":"2021-06-03T20:17:58","guid":{"rendered":"https:\/\/nuevawebsantacatalina.wordpress.com\/?page_id=246"},"modified":"2021-07-15T17:59:35","modified_gmt":"2021-07-15T17:59:35","slug":"historia-de-santa-catalina","status":"publish","type":"page","link":"https:\/\/santacatalinamartir.archimadrid.es\/?page_id=246","title":{"rendered":"Historia de Santa Catalina"},"content":{"rendered":"\n<p class=\"has-text-align-justify\">Por el mero hecho de haber nacido Dios nos llama a la santidad y por ello nos toca buscar el perfeccionamiento de nuestro ser en todas sus dimensiones. Los santos se han hecho y se hacen en una \u00e9poca, en un ambiente, en una familia que puede facilitar su santificaci\u00f3n.<\/p>\n\n\n\n<p><\/p>\n\n\n\n<p class=\"has-text-align-justify\">De Catalina no sabemos la fecha exacta de su nacimiento. Alejandr\u00eda es su patria hist\u00f3rica. En el a\u00f1o 30 a. c. esta ciudad se convierte en provincia del imperio romano. Y provincia romana seguir\u00eda siendo cuando, a finales del siglo III de la era cristiana, pasea por sus calles una joven elegante de noble cuna. Estirpe real. La historia, la tradici\u00f3n, el arte y la leyenda est\u00e1n de&nbsp;acuerdo en transmitirnos este dato como lo est\u00e1n, tambi\u00e9n, en silenciar el nombre de sus progenitores.<\/p>\n\n\n\n<p class=\"has-text-align-justify\">Ahora Alejandr\u00eda est\u00e1 imbuida de cristianismo. No sabemos qui\u00e9n ser\u00eda su primer evangelizador aunque, seg\u00fan una tradici\u00f3n antigua, la Iglesia de Alejandr\u00eda fue fundada por San Marcos.<\/p>\n\n\n\n<p class=\"has-text-align-justify\">Clemente (maestro destacado) preside el Didasc\u00e1leo, la escuela catequ\u00edstica m\u00e1s importante desde finales del siglo II. All\u00ed sienta c\u00e1tedra Or\u00edgenes (erudito, asceta y te\u00f3logo). Clemente y Or\u00edgenes prosiguen la trayectoria tradicional de Alejandr\u00eda: armonizar. Ahora, armonizar el cristianismo con la filosof\u00eda cl\u00e1sica procurando dar a la doctrina de la Iglesia una base cient\u00edfica.<\/p>\n\n\n\n<div class=\"wp-block-columns is-layout-flex wp-container-core-columns-is-layout-1 wp-block-columns-is-layout-flex\">\n<div class=\"wp-block-column is-layout-flow wp-block-column-is-layout-flow\" style=\"flex-basis:66.66%\">\n<p class=\"has-text-align-justify\">La rudimentaria escuela de catec\u00famenos se convertir\u00e1 en una verdadera escuela de teolog\u00eda cuando toma la direcci\u00f3n de ella San Panteno (fil\u00f3sofo convertido al cristianismo y misionero). <\/p>\n\n\n\n<p class=\"has-text-align-justify\">San Dionisio de Alejandr\u00eda (tambi\u00e9n convertido al cristianismo y obispo) dar\u00e1 un car\u00e1cter de palestra abierta al Didasc\u00e1leo con sus actividades, discusiones p\u00fablicas y luchas intelectuales frente a las persecuciones de los emperadores romanos Decio y Valeriano que tanto hicieron sufrir. <\/p>\n\n\n\n<p class=\"has-text-align-justify\">En este ambiente se desenvuelve la vida breve, pero plet\u00f3rica de ilusi\u00f3n, de Catalina. Ella reflexiona, medita compara, discute y se ilumina. Osiris y el buey Apis, toda la legendaria mitolog\u00eda egipcia, arranca de sus labios sonrisas compasivas cuando no ir\u00f3nicas, las m\u00e1s de las veces tristes. No puede creer en las almas muertas pegadas a cuerpos momificados.<\/p>\n<\/div>\n\n\n\n<div class=\"wp-block-column is-layout-flow wp-block-column-is-layout-flow\" style=\"flex-basis:33.33%\">\n<div class=\"wp-block-image\"><figure class=\"aligncenter size-large\"><img fetchpriority=\"high\" decoding=\"async\" width=\"532\" height=\"709\" src=\"https:\/\/santacatalinamartir.archimadrid.es\/wp-content\/uploads\/2021\/07\/santa-Catalina.png\" alt=\"\" class=\"wp-image-841\" srcset=\"https:\/\/santacatalinamartir.archimadrid.es\/wp-content\/uploads\/2021\/07\/santa-Catalina.png 532w, https:\/\/santacatalinamartir.archimadrid.es\/wp-content\/uploads\/2021\/07\/santa-Catalina-225x300.png 225w\" sizes=\"(max-width: 532px) 100vw, 532px\" \/><figcaption>Imagen de Santa Catalina que se venera en nuestra parroquia<\/figcaption><\/figure><\/div>\n<\/div>\n<\/div>\n\n\n\n<p class=\"has-text-align-justify\">Le fascinan las ideas elevadas de Plat\u00f3n que analiza a la luz de la raz\u00f3n en su inteligencia penetrante. No le satisfacen. Catalina es cristiana de coraz\u00f3n antes de recibir el bautismo. Tal vez est\u00e1 fresca todav\u00eda la impresi\u00f3n causada por Atanasio (obispo de Alejandr\u00eda) en el s\u00ednodo de la ciudad. En la escuela catequ\u00e9tica oye las ense\u00f1anzas del Obispo Pedro. Rechaza de plano la amarga ideolog\u00eda pagana. El Serm\u00f3n de la Monta\u00f1a cautiva su coraz\u00f3n. Las par\u00e1bolas del Evangelio son el encanto de su lozana juventud. Los milagros y su testimonio incomparable la enardecen y entusiasman. Venera el ejemplo y hero\u00edsmo de los m\u00e1rtires del cristianismo que fecunda y fertiliza la Iglesia viva de sus d\u00edas y de todos los d\u00edas. Y pese a la amenaza cobarde de emperadores lascivos y gobernantes verdugos, Catalina se hace bautizar.<\/p>\n\n\n\n<p class=\"has-text-align-justify\">La ciencia cuando es de verdad, no conoce la hora del exhibicionismo, ni los sabios tienen su tiempo para eso, sino para saber y para que los dem\u00e1s vivan de su ciencia. \u00bfQu\u00e9 le importa a Catalina ni su fascinadora belleza f\u00edsica, ni su juventud deslumbrante, ni el oro de que se viste, ni la aristocracia regia de que puede presumir, ni siquiera su profunda filosof\u00eda si no es para vencerse a s\u00ed misma y convencer a los que la halagan o persiguen? Ella no pretende ser otra cosa m\u00e1s que un resumen, una s\u00edntesis, una personificaci\u00f3n de todas las armon\u00edas. Por eso se conserva v\u00edrgen con todas las renuncias que ello supone. Por eso y para eso renuncia a todas las satisfacciones que en bandeja de plata le brinda su sociedad y su alcurnia. Por eso y para eso renunciar\u00e1 si es preciso hasta al placer de vivir. \u00bfPero es que acaso Cristo, maestro y esposo virginal, pudo hacer cosa m\u00e1s sublime que armonizar lo humano y lo divino? \u00bfNo es precisamente \u00c9l la armon\u00eda m\u00e1s perfecta y m\u00e1s arm\u00f3nica del universo? Y esto a golpe de la m\u00e1s absoluta renuncia.<\/p>\n\n\n\n<div class=\"wp-block-columns is-layout-flex wp-container-core-columns-is-layout-2 wp-block-columns-is-layout-flex\">\n<div class=\"wp-block-column is-layout-flow wp-block-column-is-layout-flow\" style=\"flex-basis:33.33%\">\n<figure class=\"wp-block-image size-large\"><img decoding=\"async\" width=\"600\" height=\"773\" src=\"https:\/\/nuevawebsantacatalina.files.wordpress.com\/2021\/06\/caravaggio_santa-catalina-de-alejandria_81-1934.37_fotoh_despuesrest.jpg?w=600\" alt=\"\" class=\"wp-image-275\" srcset=\"https:\/\/santacatalinamartir.archimadrid.es\/wp-content\/uploads\/2021\/06\/caravaggio_santa-catalina-de-alejandria_81-1934.37_fotoh_despuesrest.jpg 600w, https:\/\/santacatalinamartir.archimadrid.es\/wp-content\/uploads\/2021\/06\/caravaggio_santa-catalina-de-alejandria_81-1934.37_fotoh_despuesrest-233x300.jpg 233w, https:\/\/santacatalinamartir.archimadrid.es\/wp-content\/uploads\/2021\/06\/caravaggio_santa-catalina-de-alejandria_81-1934.37_fotoh_despuesrest-400x516.jpg 400w, https:\/\/santacatalinamartir.archimadrid.es\/wp-content\/uploads\/2021\/06\/caravaggio_santa-catalina-de-alejandria_81-1934.37_fotoh_despuesrest-480x618.jpg 480w\" sizes=\"(max-width: 600px) 100vw, 600px\" \/><figcaption>Santa Catalina de Alejandr\u00eda por Caravaggio (museo Thyssen)<\/figcaption><\/figure>\n<\/div>\n\n\n\n<div class=\"wp-block-column is-layout-flow wp-block-column-is-layout-flow\" style=\"flex-basis:66.66%\">\n<p class=\"has-text-align-justify\">El veneno anticristiano hab\u00eda contagiado tambi\u00e9n a Galerio. Y Galerio convenci\u00f3 a Diocleciano (emperadores romanos ambos) con argumentos sof\u00edsticos y pruebas falsificadas del mal que los cristianos ocasionaban a la unidad del imperio. Galerio publica sucesivamente sus edictos de persecuci\u00f3n (303-304), que exigen desde la entrega de libros sagrados, negaci\u00f3n de derechos civiles a los cristianos y persecuci\u00f3n del clero, hasta condenaci\u00f3n de todos los que no se postren ante los \u00eddolos.<\/p>\n\n\n\n<p class=\"has-text-align-justify\">As\u00ed las cosas, Catalina anima, asiste, fortalece, conforta a los hermanos en la fe. Defiende en p\u00fablico y en privado la doctrina que profesa, envidia a los que han sido hallados dignos de padecer por Cristo y se siente orgullosa de llamarse y ser cristiana.<\/p>\n<\/div>\n<\/div>\n\n\n\n<p class=\"has-text-align-justify\">Triunfaban la virgen In\u00e9s, Marceliano y el Papa Marcelino y a su lado el art\u00edfice de su conversi\u00f3n Pedro de Alejandr\u00eda.<\/p>\n\n\n\n<p class=\"has-text-align-justify\">Catalina supo resistir y superar el doble fuego de la brutalidad de Maximino (emperador romano). Cobarde en su exc\u00e9ntrica crueldad, ebrio de lascivia, le arrebata sus bienes y le condena al destierro.<\/p>\n\n\n\n<p class=\"has-text-align-justify\">Catalina, testigo mudo de tan sanguinaria iniquidad no puede aguantar m\u00e1s. Lo cierto es que, en un gesto victorioso de superaci\u00f3n cristiana, Catalina se enfrenta con el c\u00e9sar, no sin antes invocar a la Reina de las v\u00edrgenes, paloma blanca de sus ensue\u00f1os. Las puertas de palacio se abren a la que es descendiente de reyes. \u00bfQu\u00e9 pas\u00f3 all\u00ed?<\/p>\n\n\n\n<p class=\"has-text-align-justify\">Sin duda le puso en evidencia, con argumentos claros de sana filosof\u00eda, la falsedad de sus \u00eddolos inconsistentes. Sin duda tambi\u00e9n le ech\u00f3 en cara la injusticia manifiesta de sus cr\u00edmenes absurdos.<\/p>\n\n\n\n<p class=\"has-text-align-justify\">Maximino escucha sin palabras la elocuencia concentrada de Catalina que se hace lenguas sobre la verdad \u00fanica del \u00fanico cristianismo. <\/p>\n\n\n\n<p class=\"has-text-align-justify\">Por primera vez ha bajado la vista humillado y ha refrenado sus garras la pantera ind\u00f3mita del imperio oriental. Las razones obvias, contundentes, la majestuosidad imp\u00e1vida de la fil\u00f3sofa han derrocado su ignorante altaner\u00eda. \u201cMe gustar\u00eda ver c\u00f3mo te defiendes ante los sabios imperiales\u201d.<\/p>\n\n\n\n<p class=\"has-text-align-justify\">Catalina estaba preparada para el combate y acepta imperturbable el reto del c\u00e9sar. De sobra conoce ella la superficialidad de sus contrincantes. Una tradici\u00f3n piadosa refiere que un \u00e1ngel le anima a discutir. Uno a uno, derrota a los cincuenta fil\u00f3sofos de la corte. Ellos, m\u00e1s elocuentes que su se\u00f1or, se rinden a la evidencia de las pruebas irrefutables que presenta Catalina y se convierten un\u00e1nimes al cristianismo.<\/p>\n\n\n\n<div class=\"wp-block-columns is-layout-flex wp-container-core-columns-is-layout-3 wp-block-columns-is-layout-flex\">\n<div class=\"wp-block-column is-layout-flow wp-block-column-is-layout-flow\">\n<figure class=\"wp-block-image size-large\"><img decoding=\"async\" width=\"1515\" height=\"1920\" src=\"https:\/\/nuevawebsantacatalina.files.wordpress.com\/2021\/06\/c2485596-e5fe-4fa9-830f-859ab30f83c1.jpg?w=808\" alt=\"\" class=\"wp-image-279\" srcset=\"https:\/\/santacatalinamartir.archimadrid.es\/wp-content\/uploads\/2021\/06\/c2485596-e5fe-4fa9-830f-859ab30f83c1.jpg 1515w, https:\/\/santacatalinamartir.archimadrid.es\/wp-content\/uploads\/2021\/06\/c2485596-e5fe-4fa9-830f-859ab30f83c1-237x300.jpg 237w, https:\/\/santacatalinamartir.archimadrid.es\/wp-content\/uploads\/2021\/06\/c2485596-e5fe-4fa9-830f-859ab30f83c1-808x1024.jpg 808w, https:\/\/santacatalinamartir.archimadrid.es\/wp-content\/uploads\/2021\/06\/c2485596-e5fe-4fa9-830f-859ab30f83c1-768x973.jpg 768w, https:\/\/santacatalinamartir.archimadrid.es\/wp-content\/uploads\/2021\/06\/c2485596-e5fe-4fa9-830f-859ab30f83c1-1212x1536.jpg 1212w, https:\/\/santacatalinamartir.archimadrid.es\/wp-content\/uploads\/2021\/06\/c2485596-e5fe-4fa9-830f-859ab30f83c1-1080x1369.jpg 1080w, https:\/\/santacatalinamartir.archimadrid.es\/wp-content\/uploads\/2021\/06\/c2485596-e5fe-4fa9-830f-859ab30f83c1-1280x1622.jpg 1280w, https:\/\/santacatalinamartir.archimadrid.es\/wp-content\/uploads\/2021\/06\/c2485596-e5fe-4fa9-830f-859ab30f83c1-980x1242.jpg 980w, https:\/\/santacatalinamartir.archimadrid.es\/wp-content\/uploads\/2021\/06\/c2485596-e5fe-4fa9-830f-859ab30f83c1-480x608.jpg 480w\" sizes=\"(max-width: 1515px) 100vw, 1515px\" \/><figcaption>Martirtiro de Santa Catalina, an\u00f3nimo (siglo XVII, museo del Prado)<\/figcaption><\/figure>\n<\/div>\n\n\n\n<div class=\"wp-block-column is-layout-flow wp-block-column-is-layout-flow\">\n<p class=\"has-text-align-justify\">Las actas de los m\u00e1rtires nos la presentan desde este momento en el calabozo. Dios endureci\u00f3 el coraz\u00f3n de Maximino si es que a\u00fan pod\u00eda endurecerse. Seg\u00fan una tradici\u00f3n&nbsp;reproducida en unas tablas de la escuela de Valladolid, del siglo XVI, Catalina sale de la c\u00e1rcel y comparece ante el Juez, con disputa sobre la unidad de Dios.<\/p>\n\n\n\n<p class=\"has-text-align-justify\">Comprobada la invencible consistencia de sus fundamentos es condenada al suplicio de una rueda de cuchillos. In\u00fatilmente. La fuerza inquebrantable de la fe hace saltar en pedazos las afiladas navajas. Atestigua la tradici\u00f3n que la misma emperatriz, seguida de\u00a0Porfirio, coronel del ej\u00e9rcito, y de doscientos soldados, abrazaban entonces la fe para morir al filo de la espada.<\/p>\n<\/div>\n<\/div>\n\n\n\n<p class=\"has-text-align-justify\">El instinto criminal del emperador no tolera la existencia de su serena vencedora. Un hachazo de rabia secciona la cerviz de la cristiana. Catalina recaba definitivamente la victoria.<\/p>\n\n\n\n<p class=\"has-text-align-justify\">Sus restos se guardan y veneran en el monte Sina\u00ed. El Martirologio romano refiere que fueron los \u00e1ngeles quienes la llevaron en triunfo. Oriente y Occidente invocan su valiosa protecci\u00f3n. Los fil\u00f3sofos la aclaman como patrona.<\/p>\n\n\n\n<p class=\"has-tertiary-color has-text-color\"><strong>Tomado del art\u00edculo de D. Joaqu\u00edn Gonz\u00e1lez Villanueva del Libro a\u00f1o cristiano mes noviembre de la editorial Biblioteca de Autores Cristianos<\/strong><\/p>\n","protected":false},"excerpt":{"rendered":"<p>Por el mero hecho de haber nacido Dios nos llama a la santidad y por ello nos toca buscar el [&hellip;]<\/p>\n","protected":false},"author":2,"featured_media":0,"parent":0,"menu_order":0,"comment_status":"closed","ping_status":"closed","template":"","meta":{"site-sidebar-layout":"default","site-content-layout":"","ast-site-content-layout":"","site-content-style":"default","site-sidebar-style":"default","ast-global-header-display":"","ast-banner-title-visibility":"","ast-main-header-display":"","ast-hfb-above-header-display":"","ast-hfb-below-header-display":"","ast-hfb-mobile-header-display":"","site-post-title":"","ast-breadcrumbs-content":"","ast-featured-img":"","footer-sml-layout":"","theme-transparent-header-meta":"","adv-header-id-meta":"","stick-header-meta":"","header-above-stick-meta":"","header-main-stick-meta":"","header-below-stick-meta":"","astra-migrate-meta-layouts":"default","ast-page-background-enabled":"default","ast-page-background-meta":{"desktop":{"background-color":"var(--ast-global-color-4)","background-image":"","background-repeat":"repeat","background-position":"center center","background-size":"auto","background-attachment":"scroll","background-type":"","background-media":"","overlay-type":"","overlay-color":"","overlay-gradient":""},"tablet":{"background-color":"","background-image":"","background-repeat":"repeat","background-position":"center center","background-size":"auto","background-attachment":"scroll","background-type":"","background-media":"","overlay-type":"","overlay-color":"","overlay-gradient":""},"mobile":{"background-color":"","background-image":"","background-repeat":"repeat","background-position":"center center","background-size":"auto","background-attachment":"scroll","background-type":"","background-media":"","overlay-type":"","overlay-color":"","overlay-gradient":""}},"ast-content-background-meta":{"desktop":{"background-color":"var(--ast-global-color-5)","background-image":"","background-repeat":"repeat","background-position":"center center","background-size":"auto","background-attachment":"scroll","background-type":"","background-media":"","overlay-type":"","overlay-color":"","overlay-gradient":""},"tablet":{"background-color":"var(--ast-global-color-5)","background-image":"","background-repeat":"repeat","background-position":"center center","background-size":"auto","background-attachment":"scroll","background-type":"","background-media":"","overlay-type":"","overlay-color":"","overlay-gradient":""},"mobile":{"background-color":"var(--ast-global-color-5)","background-image":"","background-repeat":"repeat","background-position":"center center","background-size":"auto","background-attachment":"scroll","background-type":"","background-media":"","overlay-type":"","overlay-color":"","overlay-gradient":""}},"footnotes":""},"class_list":["post-246","page","type-page","status-publish","hentry"],"jetpack_sharing_enabled":true,"_links":{"self":[{"href":"https:\/\/santacatalinamartir.archimadrid.es\/index.php?rest_route=\/wp\/v2\/pages\/246","targetHints":{"allow":["GET"]}}],"collection":[{"href":"https:\/\/santacatalinamartir.archimadrid.es\/index.php?rest_route=\/wp\/v2\/pages"}],"about":[{"href":"https:\/\/santacatalinamartir.archimadrid.es\/index.php?rest_route=\/wp\/v2\/types\/page"}],"author":[{"embeddable":true,"href":"https:\/\/santacatalinamartir.archimadrid.es\/index.php?rest_route=\/wp\/v2\/users\/2"}],"replies":[{"embeddable":true,"href":"https:\/\/santacatalinamartir.archimadrid.es\/index.php?rest_route=%2Fwp%2Fv2%2Fcomments&post=246"}],"version-history":[{"count":6,"href":"https:\/\/santacatalinamartir.archimadrid.es\/index.php?rest_route=\/wp\/v2\/pages\/246\/revisions"}],"predecessor-version":[{"id":955,"href":"https:\/\/santacatalinamartir.archimadrid.es\/index.php?rest_route=\/wp\/v2\/pages\/246\/revisions\/955"}],"wp:attachment":[{"href":"https:\/\/santacatalinamartir.archimadrid.es\/index.php?rest_route=%2Fwp%2Fv2%2Fmedia&parent=246"}],"curies":[{"name":"wp","href":"https:\/\/api.w.org\/{rel}","templated":true}]}}