{"id":1281,"date":"2024-02-21T07:01:23","date_gmt":"2024-02-21T07:01:23","guid":{"rendered":"https:\/\/santacatalinamartir.archimadrid.es\/?page_id=1281"},"modified":"2024-02-21T15:37:13","modified_gmt":"2024-02-21T15:37:13","slug":"economia","status":"publish","type":"page","link":"https:\/\/santacatalinamartir.archimadrid.es\/?page_id=1281","title":{"rendered":"Econom\u00eda"},"content":{"rendered":"\t\t<div data-elementor-type=\"wp-page\" data-elementor-id=\"1281\" class=\"elementor elementor-1281\">\n\t\t\t\t<div class=\"elementor-element elementor-element-0c1befd e-flex e-con-boxed e-con e-parent\" data-id=\"0c1befd\" data-element_type=\"container\" data-core-v316-plus=\"true\">\n\t\t\t\t\t<div class=\"e-con-inner\">\n\t\t\t\t<div class=\"elementor-element elementor-element-dd3e526 elementor-widget elementor-widget-text-editor\" data-id=\"dd3e526\" data-element_type=\"widget\" data-widget_type=\"text-editor.default\">\n\t\t\t\t<div class=\"elementor-widget-container\">\n\t\t\t<style>\/*! elementor - v3.20.0 - 11-03-2024 *\/\n.elementor-widget-text-editor.elementor-drop-cap-view-stacked .elementor-drop-cap{background-color:#69727d;color:#fff}.elementor-widget-text-editor.elementor-drop-cap-view-framed .elementor-drop-cap{color:#69727d;border:3px solid;background-color:transparent}.elementor-widget-text-editor:not(.elementor-drop-cap-view-default) .elementor-drop-cap{margin-top:8px}.elementor-widget-text-editor:not(.elementor-drop-cap-view-default) .elementor-drop-cap-letter{width:1em;height:1em}.elementor-widget-text-editor .elementor-drop-cap{float:left;text-align:center;line-height:1;font-size:50px}.elementor-widget-text-editor .elementor-drop-cap-letter{display:inline-block}<\/style>\t\t\t\t<p>Para ayudar econ\u00f3micamente a la Parroquia, puedes hacerlo por estos m\u00e9todos:<\/p>\n<ul>\n<li>Domiciliaci\u00f3n bancaria (Suscripci\u00f3n)<\/li>\n<li>Bizum<\/li>\n<\/ul>\n<p>\u00a0<\/p>\t\t\t\t\t\t<\/div>\n\t\t\t\t<\/div>\n\t\t\t\t\t<\/div>\n\t\t\t\t<\/div>\n\t\t<div class=\"elementor-element elementor-element-ee1180b e-flex e-con-boxed e-con e-parent\" data-id=\"ee1180b\" data-element_type=\"container\" data-core-v316-plus=\"true\">\n\t\t\t\t\t<div class=\"e-con-inner\">\n\t\t<div class=\"elementor-element elementor-element-d053ac7 e-con-full e-flex e-con e-child\" data-id=\"d053ac7\" data-element_type=\"container\">\n\t\t\t\t<div class=\"elementor-element elementor-element-c572847 elementor-widget elementor-widget-heading\" data-id=\"c572847\" data-element_type=\"widget\" data-widget_type=\"heading.default\">\n\t\t\t\t<div class=\"elementor-widget-container\">\n\t\t\t<style>\/*! elementor - v3.20.0 - 11-03-2024 *\/\n.elementor-heading-title{padding:0;margin:0;line-height:1}.elementor-widget-heading .elementor-heading-title[class*=elementor-size-]>a{color:inherit;font-size:inherit;line-height:inherit}.elementor-widget-heading .elementor-heading-title.elementor-size-small{font-size:15px}.elementor-widget-heading .elementor-heading-title.elementor-size-medium{font-size:19px}.elementor-widget-heading .elementor-heading-title.elementor-size-large{font-size:29px}.elementor-widget-heading .elementor-heading-title.elementor-size-xl{font-size:39px}.elementor-widget-heading .elementor-heading-title.elementor-size-xxl{font-size:59px}<\/style><h4 class=\"elementor-heading-title elementor-size-default\">Transferencia Bancaria<\/h4>\t\t<\/div>\n\t\t\t\t<\/div>\n\t\t\t\t<div class=\"elementor-element elementor-element-09b0714 elementor-widget elementor-widget-text-editor\" data-id=\"09b0714\" data-element_type=\"widget\" data-widget_type=\"text-editor.default\">\n\t\t\t\t<div class=\"elementor-widget-container\">\n\t\t\t\t\t\t\t<p>Titular: Parroquia Santa Catalina Martir.<\/p>\n<p>ES09 2085 9717 2903 3013 5082<\/p>\n<p>\u00a0<\/p>\t\t\t\t\t\t<\/div>\n\t\t\t\t<\/div>\n\t\t\t\t<div class=\"elementor-element elementor-element-d5128ab elementor-align-center elementor-widget elementor-widget-button\" data-id=\"d5128ab\" data-element_type=\"widget\" data-widget_type=\"button.default\">\n\t\t\t\t<div class=\"elementor-widget-container\">\n\t\t\t\t\t<div class=\"elementor-button-wrapper\">\n\t\t\t<a class=\"elementor-button elementor-button-link elementor-size-sm\" href=\"https:\/\/santacatalinamartir.archimadrid.es\/wp-content\/uploads\/2021\/07\/hoja-de-suscripcion.pdf\">\n\t\t\t\t\t\t<span class=\"elementor-button-content-wrapper\">\n\t\t\t\t\t\t<span class=\"elementor-button-text\">Impreso Suscripci\u00f3n<\/span>\n\t\t<\/span>\n\t\t\t\t\t<\/a>\n\t\t<\/div>\n\t\t\t\t<\/div>\n\t\t\t\t<\/div>\n\t\t\t\t<div class=\"elementor-element elementor-element-b4f0b68 elementor-widget elementor-widget-text-editor\" data-id=\"b4f0b68\" data-element_type=\"widget\" data-widget_type=\"text-editor.default\">\n\t\t\t\t<div class=\"elementor-widget-container\">\n\t\t\t\t\t\t\t<p>Rell\u00e9nala y entr\u00e9gala en la sacrist\u00eda o env\u00edala por mail a: santacatalinamartir@gmail.com<\/p>\t\t\t\t\t\t<\/div>\n\t\t\t\t<\/div>\n\t\t\t\t<\/div>\n\t\t<div class=\"elementor-element elementor-element-333d181 e-con-full e-flex e-con e-child\" data-id=\"333d181\" data-element_type=\"container\">\n\t\t\t\t<div class=\"elementor-element elementor-element-c80604f elementor-widget elementor-widget-image\" data-id=\"c80604f\" data-element_type=\"widget\" data-widget_type=\"image.default\">\n\t\t\t\t<div class=\"elementor-widget-container\">\n\t\t\t<style>\/*! elementor - v3.20.0 - 11-03-2024 *\/\n.elementor-widget-image{text-align:center}.elementor-widget-image a{display:inline-block}.elementor-widget-image a img[src$=\".svg\"]{width:48px}.elementor-widget-image img{vertical-align:middle;display:inline-block}<\/style>\t\t\t\t\t\t\t\t\t\t<img fetchpriority=\"high\" decoding=\"async\" width=\"300\" height=\"200\" src=\"https:\/\/santacatalinamartir.archimadrid.es\/wp-content\/uploads\/2024\/02\/Bizum-300x200.jpg\" class=\"attachment-medium size-medium wp-image-1279\" alt=\"\" srcset=\"https:\/\/santacatalinamartir.archimadrid.es\/wp-content\/uploads\/2024\/02\/Bizum-300x200.jpg 300w, https:\/\/santacatalinamartir.archimadrid.es\/wp-content\/uploads\/2024\/02\/Bizum-1024x683.jpg 1024w, https:\/\/santacatalinamartir.archimadrid.es\/wp-content\/uploads\/2024\/02\/Bizum-768x512.jpg 768w, https:\/\/santacatalinamartir.archimadrid.es\/wp-content\/uploads\/2024\/02\/Bizum-1536x1024.jpg 1536w, https:\/\/santacatalinamartir.archimadrid.es\/wp-content\/uploads\/2024\/02\/Bizum-1568x1045.jpg 1568w, https:\/\/santacatalinamartir.archimadrid.es\/wp-content\/uploads\/2024\/02\/Bizum.jpg 1980w\" sizes=\"(max-width: 300px) 100vw, 300px\" \/>\t\t\t\t\t\t\t\t\t\t\t\t\t<\/div>\n\t\t\t\t<\/div>\n\t\t\t\t<div class=\"elementor-element elementor-element-8a28368 elementor-widget elementor-widget-heading\" data-id=\"8a28368\" data-element_type=\"widget\" data-widget_type=\"heading.default\">\n\t\t\t\t<div class=\"elementor-widget-container\">\n\t\t\t<h2 class=\"elementor-heading-title elementor-size-default\">09024<\/h2>\t\t<\/div>\n\t\t\t\t<\/div>\n\t\t\t\t<\/div>\n\t\t\t\t\t<\/div>\n\t\t\t\t<\/div>\n\t\t<div class=\"elementor-element elementor-element-4e60054 e-flex e-con-boxed e-con e-parent\" data-id=\"4e60054\" data-element_type=\"container\" data-core-v316-plus=\"true\">\n\t\t\t\t\t<div class=\"e-con-inner\">\n\t\t<div class=\"elementor-element elementor-element-8ddf8f1 e-con-full e-flex e-con e-child\" data-id=\"8ddf8f1\" data-element_type=\"container\">\n\t\t\t\t<div class=\"elementor-element elementor-element-77f58f5 elementor-widget elementor-widget-image\" data-id=\"77f58f5\" data-element_type=\"widget\" data-widget_type=\"image.default\">\n\t\t\t\t<div class=\"elementor-widget-container\">\n\t\t\t\t\t\t\t\t\t\t\t\t\t<img decoding=\"async\" width=\"150\" height=\"150\" src=\"https:\/\/santacatalinamartir.archimadrid.es\/wp-content\/uploads\/2021\/05\/captura-150x150.png\" class=\"attachment-thumbnail size-thumbnail wp-image-213\" alt=\"\" \/>\t\t\t\t\t\t\t\t\t\t\t\t\t<\/div>\n\t\t\t\t<\/div>\n\t\t\t\t<div class=\"elementor-element elementor-element-994076a elementor-widget elementor-widget-text-editor\" data-id=\"994076a\" data-element_type=\"widget\" data-widget_type=\"text-editor.default\">\n\t\t\t\t<div class=\"elementor-widget-container\">\n\t\t\t\t\t\t\t<p>ES69 0075 0438 6606 0057 0685<\/p>\t\t\t\t\t\t<\/div>\n\t\t\t\t<\/div>\n\t\t\t\t<\/div>\n\t\t<div class=\"elementor-element elementor-element-54d3312 e-con-full e-flex e-con e-child\" data-id=\"54d3312\" data-element_type=\"container\">\n\t\t\t\t<div class=\"elementor-element elementor-element-1d9db8b elementor-widget elementor-widget-spacer\" data-id=\"1d9db8b\" data-element_type=\"widget\" data-widget_type=\"spacer.default\">\n\t\t\t\t<div class=\"elementor-widget-container\">\n\t\t\t<style>\/*! elementor - v3.20.0 - 11-03-2024 *\/\n.elementor-column .elementor-spacer-inner{height:var(--spacer-size)}.e-con{--container-widget-width:100%}.e-con-inner>.elementor-widget-spacer,.e-con>.elementor-widget-spacer{width:var(--container-widget-width,var(--spacer-size));--align-self:var(--container-widget-align-self,initial);--flex-shrink:0}.e-con-inner>.elementor-widget-spacer>.elementor-widget-container,.e-con>.elementor-widget-spacer>.elementor-widget-container{height:100%;width:100%}.e-con-inner>.elementor-widget-spacer>.elementor-widget-container>.elementor-spacer,.e-con>.elementor-widget-spacer>.elementor-widget-container>.elementor-spacer{height:100%}.e-con-inner>.elementor-widget-spacer>.elementor-widget-container>.elementor-spacer>.elementor-spacer-inner,.e-con>.elementor-widget-spacer>.elementor-widget-container>.elementor-spacer>.elementor-spacer-inner{height:var(--container-widget-height,var(--spacer-size))}.e-con-inner>.elementor-widget-spacer.elementor-widget-empty,.e-con>.elementor-widget-spacer.elementor-widget-empty{position:relative;min-height:22px;min-width:22px}.e-con-inner>.elementor-widget-spacer.elementor-widget-empty .elementor-widget-empty-icon,.e-con>.elementor-widget-spacer.elementor-widget-empty .elementor-widget-empty-icon{position:absolute;top:0;bottom:0;left:0;right:0;margin:auto;padding:0;width:22px;height:22px}<\/style>\t\t<div class=\"elementor-spacer\">\n\t\t\t<div class=\"elementor-spacer-inner\"><\/div>\n\t\t<\/div>\n\t\t\t\t<\/div>\n\t\t\t\t<\/div>\n\t\t\t\t<div class=\"elementor-element elementor-element-04ac084 elementor-widget elementor-widget-text-editor\" data-id=\"04ac084\" data-element_type=\"widget\" data-widget_type=\"text-editor.default\">\n\t\t\t\t<div class=\"elementor-widget-container\">\n\t\t\t\t\t\t\t<p>No olvides comunicar tus datos personales en el despacho parroquial para desgravar tu donativo en la declaraci\u00f3n de la renta.<\/p>\t\t\t\t\t\t<\/div>\n\t\t\t\t<\/div>\n\t\t\t\t<\/div>\n\t\t\t\t\t<\/div>\n\t\t\t\t<\/div>\n\t\t<div class=\"elementor-element elementor-element-2c012095 e-flex e-con-boxed e-con e-parent\" data-id=\"2c012095\" data-element_type=\"container\" data-core-v316-plus=\"true\">\n\t\t\t\t\t<div class=\"e-con-inner\">\n\t\t\t\t<div class=\"elementor-element elementor-element-4433a36 elementor-widget elementor-widget-text-editor\" data-id=\"4433a36\" data-element_type=\"widget\" data-widget_type=\"text-editor.default\">\n\t\t\t\t<div class=\"elementor-widget-container\">\n\t\t\t\t\t\t\t<p style=\"margin-top: 32px; margin-bottom: 32px;\"><span style=\"color: var( --e-global-color-text ); font-family: var( --e-global-typography-text-font-family ), Sans-serif; font-weight: var( --e-global-typography-text-font-weight ); text-align: var(--text-align); background-color: var(--wp--preset--color--background); font-size: 1rem;\">Una vez m\u00e1s nos dirigimos a todos vosotros, en nombre del Consejo Pastoral y de la Junta Econ\u00f3mica, para haceros saber c\u00f3mo est\u00e1 la situaci\u00f3n actual en relaci\u00f3n con las\u00a0<\/span><span style=\"color: var( --e-global-color-text ); font-family: var( --e-global-typography-text-font-family ), Sans-serif; text-align: var(--text-align); background-color: var(--wp--preset--color--background); font-size: 1rem; font-weight: bolder;\">SUSCRIPCIONES<\/span><span style=\"color: var( --e-global-color-text ); font-family: var( --e-global-typography-text-font-family ), Sans-serif; font-weight: var( --e-global-typography-text-font-weight ); text-align: var(--text-align); background-color: var(--wp--preset--color--background); font-size: 1rem;\">\u00a0(aportaciones fijas) tras la campa\u00f1a que llevamos a cabo al inicio del curso 2019 y en la que nos marcamos como objetivo llegar a\u00a0<\/span><span style=\"color: var( --e-global-color-text ); font-family: var( --e-global-typography-text-font-family ), Sans-serif; text-align: var(--text-align); background-color: var(--wp--preset--color--background); font-size: 1rem; font-weight: bolder;\">500<\/span><span style=\"color: var( --e-global-color-text ); font-family: var( --e-global-typography-text-font-family ), Sans-serif; font-weight: var( --e-global-typography-text-font-weight ); text-align: var(--text-align); background-color: var(--wp--preset--color--background); font-size: 1rem;\">.<\/span><\/p>\n<p style=\"margin-top: 32px; margin-bottom: 32px;\">A d\u00eda de hoy, despu\u00e9s del movimiento que hemos tenido en estos \u00faltimos meses de bajas y altas, nos encontramos en\u00a0<span style=\"font-weight: bolder;\">206<\/span>, es decir, muy\u00a0por debajo del objetivo establecido.<\/p>\n<p style=\"margin-top: 32px; margin-bottom: 32px;\">Os queremos animar a realizar vuestra suscripci\u00f3n.\u00a0No importa la cantidad a aportar, lo importante es poder llegar a las\u00a0<span style=\"font-weight: bolder;\">500<\/span>.<\/p>\n<p>El saber con qu\u00e9 cantidad se cuenta, por el concepto de\u00a0<span style=\"font-weight: bolder;\">SUSCRIPCIONES,<\/span>\u00a0ayuda sobre todo para la confecci\u00f3n del presupuesto.<\/p>\n<p>Como es natural, la parroquia obtiene otra clase de ingresos como son: las colectas de las misas de los domingos y festivos, los donativos, etc. Estos ingresos, junto con el complemento de las aportaciones fijas, nos permiten ir haciendo frente a los\u00a0<span style=\"font-weight: bolder;\">gastos de sostenimiento\u00a0<\/span>de Santa Catalina M\u00e1rtir.<\/p>\n<p>Ya sab\u00e9is que nadie nos ayuda. Es nuestra responsabilidad el pago de los mismos. Estos gastos son entre otros: el sueldo de los sacerdotes,\u00a0el material lit\u00fargico, C\u00e1ritas, tel\u00e9fono, luz y calefacci\u00f3n del templo y del centro parroquial, mantenimiento y limpieza del templo y centro parroquial, gastos de comunidad del centro parroquial y viviendas de los sacerdotes, aportaci\u00f3n mensual al Fondo Diocesano, etc., etc.<\/p>\n<p>Esperamos de vuestra generosidad, como siempre, con aportaciones concretas para estas obras que pod\u00e9is ingresar en la cuenta corriente de la parroquia:<\/p>\n<p><strong>ES09 2085 9717 2903 3013 5082<\/strong><\/p>\n<p>Tambi\u00e9n podr\u00eda realizarse un donativo a trav\u00e9s de un sobre en las colectas (indicando el motivo) o entregarlo directamente a cualquiera de los sacerdotes.<\/p>\n<p>Todo ello sin olvidar las suscripciones que, como hemos dicho, se necesitan para el sostenimiento y mantenimiento de nuestra parroquia.\u00a0<\/p>\n<p><span style=\"font-weight: bolder;\">MUCHAS GRACIAS<\/span>.<\/p>\t\t\t\t\t\t<\/div>\n\t\t\t\t<\/div>\n\t\t\t\t<div class=\"elementor-element elementor-element-a89048c elementor-align-right elementor-widget elementor-widget-button\" data-id=\"a89048c\" data-element_type=\"widget\" data-widget_type=\"button.default\">\n\t\t\t\t<div class=\"elementor-widget-container\">\n\t\t\t\t\t<div class=\"elementor-button-wrapper\">\n\t\t\t<a class=\"elementor-button elementor-button-link elementor-size-md\" href=\"https:\/\/santacatalinamartir.archimadrid.es\/\">\n\t\t\t\t\t\t<span class=\"elementor-button-content-wrapper\">\n\t\t\t\t\t\t<span class=\"elementor-button-icon elementor-align-icon-left\">\n\t\t\t\t<svg aria-hidden=\"true\" class=\"e-font-icon-svg e-fas-arrow-alt-circle-left\" viewBox=\"0 0 512 512\" xmlns=\"http:\/\/www.w3.org\/2000\/svg\"><path d=\"M256 504C119 504 8 393 8 256S119 8 256 8s248 111 248 248-111 248-248 248zm116-292H256v-70.9c0-10.7-13-16.1-20.5-8.5L121.2 247.5c-4.7 4.7-4.7 12.2 0 16.9l114.3 114.9c7.6 7.6 20.5 2.2 20.5-8.5V300h116c6.6 0 12-5.4 12-12v-64c0-6.6-5.4-12-12-12z\"><\/path><\/svg>\t\t\t<\/span>\n\t\t\t\t\t\t<span class=\"elementor-button-text\">Volver<\/span>\n\t\t<\/span>\n\t\t\t\t\t<\/a>\n\t\t<\/div>\n\t\t\t\t<\/div>\n\t\t\t\t<\/div>\n\t\t\t\t<div class=\"elementor-element elementor-element-8e056e2 elementor-widget elementor-widget-text-editor\" data-id=\"8e056e2\" data-element_type=\"widget\" data-widget_type=\"text-editor.default\">\n\t\t\t\t<div class=\"elementor-widget-container\">\n\t\t\t\t\t\t\t<p><!-- wp:columns --><\/p>\n<div class=\"wp-block-columns\">\n<p><!-- wp:column {\"width\":\"66.66%\"} --><\/p>\n<div class=\"wp-block-column\" style=\"flex-basis: 66.66%;\">\n<p><!-- wp:paragraph --><\/p>\n<p><!-- \/wp:paragraph --><\/p>\n<p><!-- wp:paragraph --><\/p>\n<p>\u00a0<\/p>\n<p><!-- \/wp:paragraph --><\/p>\n<\/div>\n<p><!-- \/wp:column --><\/p>\n<p><!-- wp:column {\"width\":\"33.33%\"} --><\/p>\n<div class=\"wp-block-column\" style=\"flex-basis: 33.33%;\">\n<p><!-- wp:paragraph {\"style\":{\"typography\":{\"fontSize\":16}}} --><\/p>\n<p><!-- \/wp:paragraph --><\/p>\n<p><!-- wp:freeform --><\/p>\n<p>\u00a0<\/p>\n<\/div>\n<\/div>\n<p><!-- \/wp:paragraph --><\/p>\t\t\t\t\t\t<\/div>\n\t\t\t\t<\/div>\n\t\t\t\t\t<\/div>\n\t\t\t\t<\/div>\n\t\t\t\t<\/div>\n\t\t","protected":false},"excerpt":{"rendered":"<p>\u00a0 Para ayudar econ\u00f3micamente a la Parroquia, puedes hacerlo por estos m\u00e9todos: Domiciliaci\u00f3n bancaria (Suscripci\u00f3n) Bizum \u00a0 Transferencia Bancaria Titular: [&hellip;]<\/p>\n","protected":false},"author":3,"featured_media":0,"parent":0,"menu_order":0,"comment_status":"closed","ping_status":"closed","template":"","meta":{"site-sidebar-layout":"default","site-content-layout":"","ast-site-content-layout":"","site-content-style":"default","site-sidebar-style":"default","ast-global-header-display":"","ast-banner-title-visibility":"","ast-main-header-display":"","ast-hfb-above-header-display":"","ast-hfb-below-header-display":"","ast-hfb-mobile-header-display":"","site-post-title":"","ast-breadcrumbs-content":"","ast-featured-img":"","footer-sml-layout":"","theme-transparent-header-meta":"","adv-header-id-meta":"","stick-header-meta":"","header-above-stick-meta":"","header-main-stick-meta":"","header-below-stick-meta":"","astra-migrate-meta-layouts":"default","ast-page-background-enabled":"default","ast-page-background-meta":{"desktop":{"background-color":"var(--ast-global-color-4)","background-image":"","background-repeat":"repeat","background-position":"center center","background-size":"auto","background-attachment":"scroll","background-type":"","background-media":"","overlay-type":"","overlay-color":"","overlay-gradient":""},"tablet":{"background-color":"","background-image":"","background-repeat":"repeat","background-position":"center center","background-size":"auto","background-attachment":"scroll","background-type":"","background-media":"","overlay-type":"","overlay-color":"","overlay-gradient":""},"mobile":{"background-color":"","background-image":"","background-repeat":"repeat","background-position":"center center","background-size":"auto","background-attachment":"scroll","background-type":"","background-media":"","overlay-type":"","overlay-color":"","overlay-gradient":""}},"ast-content-background-meta":{"desktop":{"background-color":"var(--ast-global-color-5)","background-image":"","background-repeat":"repeat","background-position":"center center","background-size":"auto","background-attachment":"scroll","background-type":"","background-media":"","overlay-type":"","overlay-color":"","overlay-gradient":""},"tablet":{"background-color":"var(--ast-global-color-5)","background-image":"","background-repeat":"repeat","background-position":"center center","background-size":"auto","background-attachment":"scroll","background-type":"","background-media":"","overlay-type":"","overlay-color":"","overlay-gradient":""},"mobile":{"background-color":"var(--ast-global-color-5)","background-image":"","background-repeat":"repeat","background-position":"center center","background-size":"auto","background-attachment":"scroll","background-type":"","background-media":"","overlay-type":"","overlay-color":"","overlay-gradient":""}},"footnotes":""},"class_list":["post-1281","page","type-page","status-publish","hentry"],"jetpack_sharing_enabled":true,"_links":{"self":[{"href":"https:\/\/santacatalinamartir.archimadrid.es\/index.php?rest_route=\/wp\/v2\/pages\/1281","targetHints":{"allow":["GET"]}}],"collection":[{"href":"https:\/\/santacatalinamartir.archimadrid.es\/index.php?rest_route=\/wp\/v2\/pages"}],"about":[{"href":"https:\/\/santacatalinamartir.archimadrid.es\/index.php?rest_route=\/wp\/v2\/types\/page"}],"author":[{"embeddable":true,"href":"https:\/\/santacatalinamartir.archimadrid.es\/index.php?rest_route=\/wp\/v2\/users\/3"}],"replies":[{"embeddable":true,"href":"https:\/\/santacatalinamartir.archimadrid.es\/index.php?rest_route=%2Fwp%2Fv2%2Fcomments&post=1281"}],"version-history":[{"count":16,"href":"https:\/\/santacatalinamartir.archimadrid.es\/index.php?rest_route=\/wp\/v2\/pages\/1281\/revisions"}],"predecessor-version":[{"id":1383,"href":"https:\/\/santacatalinamartir.archimadrid.es\/index.php?rest_route=\/wp\/v2\/pages\/1281\/revisions\/1383"}],"wp:attachment":[{"href":"https:\/\/santacatalinamartir.archimadrid.es\/index.php?rest_route=%2Fwp%2Fv2%2Fmedia&parent=1281"}],"curies":[{"name":"wp","href":"https:\/\/api.w.org\/{rel}","templated":true}]}}