{"id":1115,"date":"2023-11-06T08:03:14","date_gmt":"2023-11-06T08:03:14","guid":{"rendered":"https:\/\/santacatalinamartir.archimadrid.es\/?page_id=1115"},"modified":"2025-09-24T15:14:53","modified_gmt":"2025-09-24T15:14:53","slug":"grupo-matrimonios","status":"publish","type":"page","link":"https:\/\/santacatalinamartir.archimadrid.es\/?page_id=1115","title":{"rendered":"Matrimonios"},"content":{"rendered":"\t\t<div data-elementor-type=\"wp-page\" data-elementor-id=\"1115\" class=\"elementor elementor-1115\">\n\t\t\t\t<div class=\"elementor-element elementor-element-c0b25a2 e-flex e-con-boxed e-con e-parent\" data-id=\"c0b25a2\" data-element_type=\"container\" data-core-v316-plus=\"true\">\n\t\t\t\t\t<div class=\"e-con-inner\">\n\t\t\t\t<div class=\"elementor-element elementor-element-0414f9e elementor-widget elementor-widget-heading\" data-id=\"0414f9e\" data-element_type=\"widget\" data-widget_type=\"heading.default\">\n\t\t\t\t<div class=\"elementor-widget-container\">\n\t\t\t<style>\/*! elementor - v3.20.0 - 11-03-2024 *\/\n.elementor-heading-title{padding:0;margin:0;line-height:1}.elementor-widget-heading .elementor-heading-title[class*=elementor-size-]>a{color:inherit;font-size:inherit;line-height:inherit}.elementor-widget-heading .elementor-heading-title.elementor-size-small{font-size:15px}.elementor-widget-heading .elementor-heading-title.elementor-size-medium{font-size:19px}.elementor-widget-heading .elementor-heading-title.elementor-size-large{font-size:29px}.elementor-widget-heading .elementor-heading-title.elementor-size-xl{font-size:39px}.elementor-widget-heading .elementor-heading-title.elementor-size-xxl{font-size:59px}<\/style><h2 class=\"elementor-heading-title elementor-size-default\">Amoris Laetitia<\/h2>\t\t<\/div>\n\t\t\t\t<\/div>\n\t\t\t\t\t<\/div>\n\t\t\t\t<\/div>\n\t\t<div class=\"elementor-element elementor-element-bf2f14b e-flex e-con-boxed e-con e-parent\" data-id=\"bf2f14b\" data-element_type=\"container\" data-core-v316-plus=\"true\">\n\t\t\t\t\t<div class=\"e-con-inner\">\n\t\t\t\t<div class=\"elementor-element elementor-element-209eeaf elementor-widget elementor-widget-image\" data-id=\"209eeaf\" data-element_type=\"widget\" data-widget_type=\"image.default\">\n\t\t\t\t<div class=\"elementor-widget-container\">\n\t\t\t<style>\/*! elementor - v3.20.0 - 11-03-2024 *\/\n.elementor-widget-image{text-align:center}.elementor-widget-image a{display:inline-block}.elementor-widget-image a img[src$=\".svg\"]{width:48px}.elementor-widget-image img{vertical-align:middle;display:inline-block}<\/style>\t\t\t\t\t\t\t\t\t\t<img fetchpriority=\"high\" decoding=\"async\" width=\"300\" height=\"295\" src=\"https:\/\/santacatalinamartir.archimadrid.es\/wp-content\/uploads\/2023\/11\/Logo-Amoris-1-300x295.jpg\" class=\"attachment-medium size-medium wp-image-1113\" alt=\"\" srcset=\"https:\/\/santacatalinamartir.archimadrid.es\/wp-content\/uploads\/2023\/11\/Logo-Amoris-1-300x295.jpg 300w, https:\/\/santacatalinamartir.archimadrid.es\/wp-content\/uploads\/2023\/11\/Logo-Amoris-1-1024x1007.jpg 1024w, https:\/\/santacatalinamartir.archimadrid.es\/wp-content\/uploads\/2023\/11\/Logo-Amoris-1-768x755.jpg 768w, https:\/\/santacatalinamartir.archimadrid.es\/wp-content\/uploads\/2023\/11\/Logo-Amoris-1.jpg 1079w\" sizes=\"(max-width: 300px) 100vw, 300px\" \/>\t\t\t\t\t\t\t\t\t\t\t\t\t<\/div>\n\t\t\t\t<\/div>\n\t\t\t\t\t<\/div>\n\t\t\t\t<\/div>\n\t\t<div class=\"elementor-element elementor-element-c20c3ab e-flex e-con-boxed e-con e-parent\" data-id=\"c20c3ab\" data-element_type=\"container\" data-core-v316-plus=\"true\">\n\t\t\t\t\t<div class=\"e-con-inner\">\n\t\t\t\t<div class=\"elementor-element elementor-element-11ff71b elementor-widget elementor-widget-text-editor\" data-id=\"11ff71b\" data-element_type=\"widget\" data-widget_type=\"text-editor.default\">\n\t\t\t\t<div class=\"elementor-widget-container\">\n\t\t\t<style>\/*! elementor - v3.20.0 - 11-03-2024 *\/\n.elementor-widget-text-editor.elementor-drop-cap-view-stacked .elementor-drop-cap{background-color:#69727d;color:#fff}.elementor-widget-text-editor.elementor-drop-cap-view-framed .elementor-drop-cap{color:#69727d;border:3px solid;background-color:transparent}.elementor-widget-text-editor:not(.elementor-drop-cap-view-default) .elementor-drop-cap{margin-top:8px}.elementor-widget-text-editor:not(.elementor-drop-cap-view-default) .elementor-drop-cap-letter{width:1em;height:1em}.elementor-widget-text-editor .elementor-drop-cap{float:left;text-align:center;line-height:1;font-size:50px}.elementor-widget-text-editor .elementor-drop-cap-letter{display:inline-block}<\/style>\t\t\t\t<h4>El grupo\u00a0 \u00abAmoris Laetitia\u00bb est\u00e1 formado por parejas cristianas que quieren profundizar en su fe form\u00e1ndose y participando juntos en una reuni\u00f3n mensual en la Parroquia.<\/h4>\n<h4>\u00a0<\/h4>\n<h4><!-- \/wp:paragraph --><!-- wp:paragraph --><\/h4>\n<h4>\u00a0<\/h4>\n<h4><!-- \/wp:paragraph --><!-- wp:paragraph --><\/h4>\n<h4>Nos reunimos los segundos viernes de mes (ver calendario) en los salones parroquiales, a las 20:00h, tenemos una reuni\u00f3n formativa en la que una pareja expone el tema del d\u00eda y el sacerdote comenta aquellos puntos que sea preciso.<\/h4>\n<h4>Comentamos y meditamos juntos sobre el tema.<\/h4>\n<p>\u00a0<\/p>\n<h4>Finalizamos la reuni\u00f3n\u00a0 compartiendo en una cena con lo que cada uno ha tra\u00eddo.<\/h4>\n<p>\u00a0<\/p>\n<h4>\u00a1Te esperamos!<\/h4>\t\t\t\t\t\t<\/div>\n\t\t\t\t<\/div>\n\t\t\t\t\t<\/div>\n\t\t\t\t<\/div>\n\t\t<div class=\"elementor-element elementor-element-57f322d e-flex e-con-boxed e-con e-parent\" data-id=\"57f322d\" data-element_type=\"container\" data-core-v316-plus=\"true\">\n\t\t\t\t\t<div class=\"e-con-inner\">\n\t\t\t\t<div class=\"elementor-element elementor-element-6ef11b9 elementor-widget elementor-widget-image\" data-id=\"6ef11b9\" data-element_type=\"widget\" data-widget_type=\"image.default\">\n\t\t\t\t<div class=\"elementor-widget-container\">\n\t\t\t\t\t\t\t\t\t\t\t\t\t\t<a href=\"https:\/\/santacatalinamartir.archimadrid.es\/wp-content\/uploads\/2023\/11\/Calendario.png\" data-elementor-open-lightbox=\"yes\" data-e-action-hash=\"#elementor-action%3Aaction%3Dlightbox%26settings%3DeyJpZCI6MTA5MywidXJsIjpmYWxzZX0%3D\">\n\t\t\t\t\t\t\t<img decoding=\"async\" src=\"https:\/\/santacatalinamartir.archimadrid.es\/wp-content\/uploads\/2023\/11\/Calendario.png\" title=\"\" alt=\"\" loading=\"lazy\" \/>\t\t\t\t\t\t\t\t<\/a>\n\t\t\t\t\t\t\t\t\t\t\t\t\t<\/div>\n\t\t\t\t<\/div>\n\t\t\t\t\t<\/div>\n\t\t\t\t<\/div>\n\t\t<div class=\"elementor-element elementor-element-0a0683e e-flex e-con-boxed e-con e-parent\" data-id=\"0a0683e\" data-element_type=\"container\" data-core-v316-plus=\"true\">\n\t\t\t\t\t<div class=\"e-con-inner\">\n\t\t\t\t<div class=\"elementor-element elementor-element-043b2e0 elementor-widget elementor-widget-image\" data-id=\"043b2e0\" data-element_type=\"widget\" data-widget_type=\"image.default\">\n\t\t\t\t<div class=\"elementor-widget-container\">\n\t\t\t\t\t\t\t\t\t\t\t\t\t<img decoding=\"async\" width=\"1024\" height=\"1024\" src=\"https:\/\/santacatalinamartir.archimadrid.es\/wp-content\/uploads\/2025\/09\/Anuncio-2025-26-1024x1024.jpeg\" class=\"attachment-large size-large wp-image-1694\" alt=\"\" srcset=\"https:\/\/santacatalinamartir.archimadrid.es\/wp-content\/uploads\/2025\/09\/Anuncio-2025-26-1024x1024.jpeg 1024w, https:\/\/santacatalinamartir.archimadrid.es\/wp-content\/uploads\/2025\/09\/Anuncio-2025-26-300x300.jpeg 300w, https:\/\/santacatalinamartir.archimadrid.es\/wp-content\/uploads\/2025\/09\/Anuncio-2025-26-150x150.jpeg 150w, https:\/\/santacatalinamartir.archimadrid.es\/wp-content\/uploads\/2025\/09\/Anuncio-2025-26-768x768.jpeg 768w, https:\/\/santacatalinamartir.archimadrid.es\/wp-content\/uploads\/2025\/09\/Anuncio-2025-26-1536x1536.jpeg 1536w, https:\/\/santacatalinamartir.archimadrid.es\/wp-content\/uploads\/2025\/09\/Anuncio-2025-26.jpeg 1800w\" sizes=\"(max-width: 1024px) 100vw, 1024px\" \/>\t\t\t\t\t\t\t\t\t\t\t\t\t<\/div>\n\t\t\t\t<\/div>\n\t\t\t\t\t<\/div>\n\t\t\t\t<\/div>\n\t\t\t\t<\/div>\n\t\t","protected":false},"excerpt":{"rendered":"<p>Amoris Laetitia El grupo\u00a0 \u00abAmoris Laetitia\u00bb est\u00e1 formado por parejas cristianas que quieren profundizar en su fe form\u00e1ndose y participando [&hellip;]<\/p>\n","protected":false},"author":2,"featured_media":0,"parent":0,"menu_order":0,"comment_status":"closed","ping_status":"closed","template":"","meta":{"site-sidebar-layout":"default","site-content-layout":"","ast-site-content-layout":"","site-content-style":"default","site-sidebar-style":"default","ast-global-header-display":"","ast-banner-title-visibility":"","ast-main-header-display":"","ast-hfb-above-header-display":"","ast-hfb-below-header-display":"","ast-hfb-mobile-header-display":"","site-post-title":"","ast-breadcrumbs-content":"","ast-featured-img":"","footer-sml-layout":"","theme-transparent-header-meta":"","adv-header-id-meta":"","stick-header-meta":"","header-above-stick-meta":"","header-main-stick-meta":"","header-below-stick-meta":"","astra-migrate-meta-layouts":"default","ast-page-background-enabled":"default","ast-page-background-meta":{"desktop":{"background-color":"var(--ast-global-color-4)","background-image":"","background-repeat":"repeat","background-position":"center center","background-size":"auto","background-attachment":"scroll","background-type":"","background-media":"","overlay-type":"","overlay-color":"","overlay-gradient":""},"tablet":{"background-color":"","background-image":"","background-repeat":"repeat","background-position":"center center","background-size":"auto","background-attachment":"scroll","background-type":"","background-media":"","overlay-type":"","overlay-color":"","overlay-gradient":""},"mobile":{"background-color":"","background-image":"","background-repeat":"repeat","background-position":"center center","background-size":"auto","background-attachment":"scroll","background-type":"","background-media":"","overlay-type":"","overlay-color":"","overlay-gradient":""}},"ast-content-background-meta":{"desktop":{"background-color":"var(--ast-global-color-5)","background-image":"","background-repeat":"repeat","background-position":"center center","background-size":"auto","background-attachment":"scroll","background-type":"","background-media":"","overlay-type":"","overlay-color":"","overlay-gradient":""},"tablet":{"background-color":"var(--ast-global-color-5)","background-image":"","background-repeat":"repeat","background-position":"center center","background-size":"auto","background-attachment":"scroll","background-type":"","background-media":"","overlay-type":"","overlay-color":"","overlay-gradient":""},"mobile":{"background-color":"var(--ast-global-color-5)","background-image":"","background-repeat":"repeat","background-position":"center center","background-size":"auto","background-attachment":"scroll","background-type":"","background-media":"","overlay-type":"","overlay-color":"","overlay-gradient":""}},"footnotes":""},"class_list":["post-1115","page","type-page","status-publish","hentry"],"jetpack_sharing_enabled":true,"_links":{"self":[{"href":"https:\/\/santacatalinamartir.archimadrid.es\/index.php?rest_route=\/wp\/v2\/pages\/1115","targetHints":{"allow":["GET"]}}],"collection":[{"href":"https:\/\/santacatalinamartir.archimadrid.es\/index.php?rest_route=\/wp\/v2\/pages"}],"about":[{"href":"https:\/\/santacatalinamartir.archimadrid.es\/index.php?rest_route=\/wp\/v2\/types\/page"}],"author":[{"embeddable":true,"href":"https:\/\/santacatalinamartir.archimadrid.es\/index.php?rest_route=\/wp\/v2\/users\/2"}],"replies":[{"embeddable":true,"href":"https:\/\/santacatalinamartir.archimadrid.es\/index.php?rest_route=%2Fwp%2Fv2%2Fcomments&post=1115"}],"version-history":[{"count":35,"href":"https:\/\/santacatalinamartir.archimadrid.es\/index.php?rest_route=\/wp\/v2\/pages\/1115\/revisions"}],"predecessor-version":[{"id":1697,"href":"https:\/\/santacatalinamartir.archimadrid.es\/index.php?rest_route=\/wp\/v2\/pages\/1115\/revisions\/1697"}],"wp:attachment":[{"href":"https:\/\/santacatalinamartir.archimadrid.es\/index.php?rest_route=%2Fwp%2Fv2%2Fmedia&parent=1115"}],"curies":[{"name":"wp","href":"https:\/\/api.w.org\/{rel}","templated":true}]}}